 {"id":32,"date":"2023-06-19T15:55:40","date_gmt":"2023-06-19T15:55:40","guid":{"rendered":"https:\/\/trading.panavana.com\/?post_type=product&#038;p=32"},"modified":"2023-06-19T15:55:40","modified_gmt":"2023-06-19T15:55:40","slug":"aceite-de-oliva-de-aguacate-1l","status":"publish","type":"product","link":"https:\/\/trading.panavana.com\/index.php\/product\/aceite-de-oliva-de-aguacate-1l\/","title":{"rendered":"Aceite de Oliva de Aguacate (1L)"},"content":{"rendered":"<p>Este aceite de aguacate puro tiene un alto punto de humo, lo que significa que es ideal para usar en una variedad de situaciones culinarias. \u00daselo para saltear verduras para saltear la noche, o puede asar carne de res para su plato principal. Ponga un poco en una sart\u00e9n y cocine a la parrilla un delicioso pescado con una guarnici\u00f3n de esp\u00e1rragos para una comida saludable y satisfactoria. Cubra sus tub\u00e9rculos favoritos, revu\u00e9lvalos en un poco de aceite de aguacate Olivari, envu\u00e9lvalos en papel de aluminio y \u00e1selos a la parrilla para darle un toque sabroso a su mesa. El aceite tiene un sabor neutro que ir\u00e1 bien con cualquier plato.<\/p>\n","protected":false},"excerpt":{"rendered":"<p>Este aceite de aguacate puro tiene un alto punto de humo, lo que significa que es ideal para usar en una variedad de situaciones culinarias. \u00daselo para saltear verduras para saltear la noche, o puede asar carne de res para su plato principal. Ponga un poco en una sart\u00e9n y cocine a la parrilla un delicioso pescado con una guarnici\u00f3n de esp\u00e1rragos para una comida saludable y satisfactoria. Cubra sus tub\u00e9rculos favoritos, revu\u00e9lvalos en un poco de aceite de aguacate Olivari, envu\u00e9lvalos en papel de aluminio y \u00e1selos a la parrilla para darle un toque sabroso a su mesa. El aceite tiene un sabor neutro que ir\u00e1 bien con cualquier plato.<\/p>\n","protected":false},"featured_media":33,"comment_status":"open","ping_status":"closed","template":"","meta":[],"product_cat":[22],"product_tag":[],"_links":{"self":[{"href":"https:\/\/trading.panavana.com\/index.php\/wp-json\/wp\/v2\/product\/32"}],"collection":[{"href":"https:\/\/trading.panavana.com\/index.php\/wp-json\/wp\/v2\/product"}],"about":[{"href":"https:\/\/trading.panavana.com\/index.php\/wp-json\/wp\/v2\/types\/product"}],"replies":[{"embeddable":true,"href":"https:\/\/trading.panavana.com\/index.php\/wp-json\/wp\/v2\/comments?post=32"}],"wp:featuredmedia":[{"embeddable":true,"href":"https:\/\/trading.panavana.com\/index.php\/wp-json\/wp\/v2\/media\/33"}],"wp:attachment":[{"href":"https:\/\/trading.panavana.com\/index.php\/wp-json\/wp\/v2\/media?parent=32"}],"wp:term":[{"taxonomy":"product_cat","embeddable":true,"href":"https:\/\/trading.panavana.com\/index.php\/wp-json\/wp\/v2\/product_cat?post=32"},{"taxonomy":"product_tag","embeddable":true,"href":"https:\/\/trading.panavana.com\/index.php\/wp-json\/wp\/v2\/product_tag?post=32"}],"curies":[{"name":"wp","href":"https:\/\/api.w.org\/{rel}","templated":true}]}}